st the prime factors of 22413497.
17, 1318441
What are the prime factors of 898830?
2, 3, 5, 3329
List the prime factors of 134882.
2, 11, 6131
List the prime factors of 330842.
2, 43, 3847
What are the prime factors of 15445?
5, 3089
List the prime factors of 1962119.
1962119
List the prime factors of 371748.
2, 3, 13, 2383
List the prime factors of 1589778.
2, 3, 88321
What are the prime factors of 22497409?
11, 17, 10937
List the prime factors of 3446780.
2, 5, 23, 59, 127
List the prime factors of 610119.
3, 59, 383
What are the prime factors of 20883081?
3, 6961027
List the prime factors of 1776827.
13, 31, 4409
List the prime factors of 277176.
2, 3, 11549
List the prime factors of 190111.
17, 53, 211
What are the prime factors of 104944?
2, 7, 937
What are the prime factors of 2336802?
2, 3, 13, 29959
What are the prime factors of 195904?
2, 3061
List the prime factors of 275410.
2, 5, 27541
List the prime factors of 1639743.
3, 7, 113, 691
List the prime factors of 112384.
2, 439
List the prime factors of 518705.
5, 11, 9431
List the prime factors of 4337492.
2, 1084373
What are the prime factors of 16745652?
2, 3, 7, 11, 863
List the prime factors of 312662.
2, 7, 23, 971
What are the prime factors of 644850?
2, 3, 5, 1433
What are the prime factors of 13592434?
2, 1013, 6709
List the prime factors of 10179051.
3, 3393017
What are the prime factors of 435972?
2, 3, 47, 773
List the prime factors of 112361.
112361
List the prime factors of 72364.
2, 79, 229
What are the prime factors of 44273?
44273
What are the prime factors of 46811?
46811
What are the prime factors of 16834?
2, 19, 443
List the prime factors of 6060507.
3, 29, 69661
List the prime factors of 41423.
23, 1801
What are the prime factors of 37603?
31, 1213
List the prime factors of 4149186.
2, 3, 691531
List the prime factors of 2144663.
19, 112877
List the prime factors of 640770.
2, 3, 5, 13, 31, 53
List the prime factors of 118621.
118621
What are the prime factors of 424579?
67, 6337
List the prime factors of 2586611.
2586611
What are the prime factors of 3714791?
71, 52321
List the prime factors of 6696040.
2, 5, 13, 79, 163
What are the prime factors of 1229925?
3, 5, 23, 31
What are the prime factors of 795193?
7, 47, 2417
List the prime factors of 279484.
2, 107, 653
What are the prime factors of 4887368?
2, 610921
What are the prime factors of 4284987?
3, 7, 204047
What are the prime factors of 236452?
2, 59113
List the prime factors of 15103726.
2, 11, 181, 3793
List the prime factors of 10180981.
43, 59, 4013
List the prime factors of 8223207.
3, 859, 3191
List the prime factors of 7898018.
2, 1093, 3613
What are the prime factors of 3171870?
2, 3, 5, 13, 2711
List the prime factors of 2353398.
2, 3, 392233
List the prime factors of 2326097.
2326097
List the prime factors of 8742980.
2, 5, 437149
List the prime factors of 9162080.
2, 5, 173, 331
List the prime factors of 15951167.
23, 693529
List the prime factors of 25813444.
2, 59, 109379
List the prime factors of 914802.
2, 3, 7, 23, 947
What are the prime factors of 461020?
2, 5, 7, 37, 89
List the prime factors of 200797.
200797
List the prime factors of 505242.
2, 3, 28069
List the prime factors of 136075.
5, 5443
List the prime factors of 3210096.
2, 3, 66877
What are the prime factors of 246670?
2, 5, 17, 1451
What are the prime factors of 105099?
3, 53, 661
List the prime factors of 564842.
2, 17, 37, 449
What are the prime factors of 5065415?
5, 607, 1669
What are the prime factors of 1724960?
2, 5, 10781
List the prime factors of 471331.
7, 9619
What are the prime factors of 263198?
2, 13, 53, 191
List the prime factors of 4659525.
3, 5, 13, 59
List the prime factors of 423296.
2, 3307
What are the prime factors of 2867302?
2, 173, 8287
What are the prime factors of 12462641?
12462641
List the prime factors of 232902.
2, 3, 19, 227
List the prime factors of 605907.
3, 22441
What are the prime factors of 2925202?
2, 7, 19, 1571
List the prime factors of 153472.
2, 11, 109
What are the prime factors of 693347?
787, 881
What are the prime factors of 13192596?
2, 3, 366461
What are the prime factors of 3190012?
2, 7, 59, 1931
What are the prime factors of 6465784?
2, 13, 62171
List the prime factors of 32497819.
32497819
List the prime factors of 218608.
2, 13, 1051
What are the prime factors of 13903398?
2, 3, 97, 7963
List the prime factors of 11376303.
3, 47, 80683
What are the prime factors of 4347949?
101, 43049
List the prime factors of 283847.
79, 3593
List the prime factors of 1762919.
1762919
List the prime factors of 7405180.
2, 5, 37, 10007
What are the prime factors of 6528892?
2, 607, 2689
What are the prime factors of 5534238?
2, 3, 37, 97, 257
List the prime factors of 338162.
2, 11, 19, 809
What are the prime factors of 395463?
3, 61, 2161
What are the prime factors of 276346?
2, 7, 19739
What are the prime factors of 4815070?
2, 5, 13, 37039
What are the prime factors of 1546832?
2, 7, 1973
List the prime factors of 2963939.
11, 227, 1187
List the prime factors of 2160285.
3, 5, 59, 2441
What are the prime factors of 15214022?
2, 19, 71, 5639
What are the prime factors of 236225?
5, 11, 859
List the prime factors of 1280809.
19, 67411
List the prime factors of 480451.
480451
What are the prime factors of 726461?
17, 151, 283
List the prime factors of 11862390.
2, 3, 5, 199, 1987
List the prime factors of 5404920.
2, 3, 5, 73, 617
What are the prime factors of 1856837?
1856837
List the prime factors of 93560.
2, 5, 2339
List the prime factors of 35716624.
2, 167, 13367
List the prime factors of 1654297.
67, 24691
What are the prime factors of 660242?
2, 11, 30011
List the prime factors of 1751370.
2, 3, 5, 58379
List the prime factors of 25633749.
3, 509, 16787
What are the prime factors of 1188063?
3, 101, 1307
List the prime factors of 1081572.
2, 3, 193, 467
What are the prime factors of 113174?
2, 71, 797
What are the prime factors of 12470080?
2, 5, 7, 19, 293
List the prime factors of 23335258.
2, 11667629
What are the prime factors of 368802?
2, 3, 7, 2927
List the prime factors of 433238.
2, 13, 19, 877
What are the prime factors of 5396906?
2, 2698453
What are the prime factors of 137730?
2, 3, 5, 4591
List the prime factors of 22982000.
2, 5, 11491
What are the prime factors of 1431970?
2, 5, 143197
What are the prime factors of 1784908?
2, 446227
List the prime factors of 524393.
131, 4003
What are the prime factors of 1912752?
2, 3, 37, 359
What are the prime factors of 49511?
7, 11, 643
List the prime factors of 135297.
3, 5011
List the prime factors of 84816.
2, 3, 19, 31
List the prime factors of 310793.
7, 29, 1531
List the prime factors of 367264.
2, 23, 499
List the prime factors of 7913313.
3, 17, 51721
What are the prime factors of 167101?
11, 1381
What are the prime factors of 465414?
2, 3, 77569
List the prime factors of 4968778.
2, 1093, 2273
List the prime factors of 125985.
3, 5, 37, 227
List the prime factors of 8175056.
2, 510941
List the prime factors of 1314647.
37, 35531
List the prime factors of 5181310.
2, 5, 518131
List the prime factors of 4779263.
79, 60497
What are the prime factors of 586966?
2, 293483
List the prime factors of 114957.
3, 53, 241
List the prime factors of 875309.
37, 41, 577
List the prime factors of 623906.
2, 29, 31, 347
List the prime factors of 7093834.
2, 11, 89, 3623
What are the prime factors of 7853059?
7853059
List the prime factors of 19492.
2, 11, 443
List the prime factors of 299621.
7, 23, 1861
What are the prime factors of 1007268?
2, 3, 83939
List the prime factors of 3325336.
2, 7, 17, 499
List the prime factors of 930058.
2, 149, 3121
List the prime factors of 2750250.
2, 3, 5, 19, 193
What are the prime factors of 834182?
2, 631, 661
List the prime factors of 26495566.
2, 2591, 5113
What are the prime factors of 7467868?
2, 1866967
List the prime factors of 12701629.
131, 96959
List the prime factors of 3984498.
2, 3, 7, 83, 127
List the prime factors of 7050871.
7050871
What are the prime factors of 1222846?
2, 47, 13009
List the prime factors of 380965.
5, 13, 5861
List the prime factors of 19303676.
2, 7, 29, 23773
What are the prime factors of 237282?
2, 3, 71, 557
List the prime factors of 205698.
2, 3, 34